3. Let k(a) = 5*d(a) + 2*i(a). What is the remainder when k(-4) is divided by 10?
6
Let f(r) = -r**2 + 6*r + 2. Let a be f(6). Suppose -l = a*l - 6. What is the remainder when -1 - l/2*-9 is divided by 3?
2
Suppose -3*f + 2*s = -15, -9 = -3*f + 8*s - 4*s. What is the remainder when 20 is divided by f?
6
Suppose -33 = 5*z - 113. Suppose -z = -g + 1. Suppose 0 = 4*p - g - 31. Calculate the remainder when 21 is divided by p.
9
Let b = -15 - -40. What is the remainder when 48 is divided by b?
23
Let h be 3 + (2 - 2 - 0). Suppose h*a = 2*a + 13. Calculate the remainder when a is divided by 4.
1
Let w = 9 + -2. Suppose -2*u + w*u = 135. Calculate the remainder when u is divided by 14.
13
Suppose 27 + 33 = 4*q. Calculate the remainder when 27 is divided by q.
12
Let n = 17 + 42. Calculate the remainder when n is divided by 12.
11
Suppose 0*i = q - 5*i - 8, -3*q + 80 = -i. Let d(v) = -v**2 + 8*v - 2. Calculate the remainder when q is divided by d(6).
8
Let l = -6 + 8. Suppose -4*w - 50 = -3*j, 0 = l*j + j + 5*w - 32. Calculate the remainder when 54 is divided by j.
12
Let n(u) = 4*u + 7. Let w(q) = 3*q + 7. Let j(y) = -4*n(y) + 5*w(y). Let p be j(4). Let b = -1 + p. Calculate the remainder when b is divided by 2.
0
Suppose -8 = -2*x + 6. What is the remainder when 8/28 + (-89)/(-7) is divided by x?
6
Let z be (-78)/(-1)*1/1. Suppose 0 = -2*y + 3*a + z, a + 4 = 3*a. Suppose -5*r + 142 = y. Calculate the remainder when 38 is divided by r.
18
Suppose -21 = -j + 7. What is the remainder when 54 is divided by j?
26
Suppose 5*g - 38 = c, -3 = -2*c + 1. Calculate the remainder when 18 is divided by g.
2
Suppose -4*w + 4*j - 40 = 0, -2*j + 9 = -w - 5. Let z = w + 10. Suppose 51 = z*l - l. What is the remainder when l is divided by 9?
8
Let o = 13 + 5. Suppose -2*f + 0*f + 66 = 0. Calculate the remainder when f is divided by o.
15
Let j = -79 + 117. What is the remainder when j is divided by 8?
6
Calculate the remainder when 36/(7 + -4)*4 is divided by 25.
23
Let f(l) = 2 - 5*l - 2 + 1. What is the remainder when f(-2) is divided by 3?
2
Let z be 32/112 - (-19)/7. Let m = z - -4. Calculate the remainder when 17 is divided by m.
3
Let h(u) = u - 1. Let n be h(-1). Let d = 13 - n. What is the remainder when d is divided by (-4)/((2 - 3)*1)?
3
Calculate the remainder when 86 is divided by (29/4*2)/(2/4).
28
Let f(n) = 8*n**2. Let h be f(3). Let a = -36 + h. Let z(j) = j**2 - 3*j + 3. What is the remainder when a is divided by z(5)?
10
Let o(l) = l**3 - 4*l**2 + 5. Let h be o(5). Let s = -20 + h. What is the remainder when 27 is divided by s?
7
Suppose h - 4*h = -5*n - 42, 5*n = 5*h - 80. Suppose h = 2*w + 1. What is the remainder when 17 is divided by w?
8
Let p = -260 + 373. Suppose 0 = -2*j - 35 + p. Calculate the remainder when j is divided by 14.
11
Suppose 0 = 2*m + z - 2 + 4, -2*m = 5*z + 18. Calculate the remainder when m + 13 + 12/(-4) is divided by 4.
3
Let r(w) = -w**2 + 11*w - 11. What is the remainder when 27 is divided by r(9)?
6
Suppose 3*v + 4*h = h + 9, -3*h + 17 = -v. Calculate the remainder when 39 is divided by 17 - v - 3 - 2.
11
Let r be -1*1*(-2 - -2). Suppose -2*k + 12 = -r*k. Suppose 0 = -2*c + 25 + 5. What is the remainder when c is divided by k?
3
Suppose 0 = -4*l - l + 75. Calculate the remainder when l is divided by (-16)/5*20/(-8).
7
Let j = -2 - -6. Let i(c) = -c**2 + 4*c + 4. Let q be i(j). What is the remainder when 13 is divided by q - ((-4)/2 + 1)?
3
Suppose 0 = -2*v - u + 1, -4*v - 5*u = -5*v + 17. Suppose -2*q - n + 77 = v*n, q + 2*n - 39 = 0. What is the remainder when q is divided by 19?
18
Let y be 4/(-6) + (-22)/(-6). Suppose 0 = -3*s - 5*z + 104, -2*s + 50 - 6 = -y*z. What is the remainder when s is divided by 10?
8
Let v(r) = -1 + 3*r - 4*r + 0. Let m be v(-6). Suppose -3*f = -m*f + 14. What is the remainder when f is divided by 3?
1
Suppose w = 2*y - 64, 20 = y - w - 10. Let j = y + -23. Calculate the remainder when j is divided by 6.
5
Let u(q) = q**3 + 7*q**2 - 9*q. Let j be u(-8). Let p(a) = -a**3 + 9*a**2 - 8*a + 9. Calculate the remainder when 17 is divided by p(j).
8
Let p(c) = c**2 + 7*c + 7. Suppose -2*f + 18 = -6*f - 3*u, 1 = -f + u. Let v be 4/2*(-1 + f). Calculate the remainder when 57 is divided by p(v).
12
Let w = -579 + 594. Suppose -k + 19 = 5*v, 6*v = 4*v - 3*k + 5. Calculate the remainder when w is divided by v.
3
Let d = -6 - -13. Calculate the remainder when 40 is divided by d.
5
Let q = 9 + 2. Let r(m) = m**2 - 10*m + 1. Calculate the remainder when 33 is divided by r(q).
9
Let j(h) = -h**3 + 10*h**2 - 10*h - 5. Let r be j(9). Let u = -3 - r. What is the remainder when 43 is divided by u?
10
Let j(s) = -32*s - 2. Let k be j(-2). Suppose 0 = 2*v - 42 - k. Let c(p) = -p**2 - 10*p + 9. Calculate the remainder when v is divided by c(-9).
16
Let c = 18 + -8. What is the remainder when c is divided by (4/3)/4 + 56/21?
1
Let c = 28 - -11. What is the remainder when c is divided by 8?
7
Let x = 28 + -21. Let w(h) = h**3 + 7*h**2 + 6*h - 7. Let b = -12 - -7. Calculate the remainder when w(b) is divided by x.
6
Let n(j) = -j**3 + 11*j**2 + 2*j - 9. Let p = 57 + -33. Calculate the remainder when p is divided by n(11).
11
Let p be 1 + 25 + -1 + 1. Let d = 70 - p. What is the remainder when d is divided by 23?
21
Let s(y) = y**3 - 5*y**2 - 9*y + 3. Let d be s(6). Let r(g) = -g**3 + 2*g**2 - g. Let k be r(4). Let f = d - k. Calculate the remainder when f is divided by 11.
10
Suppose m + 5*a - 33 = -m, 5*m - 35 = -3*a. Suppose 2*c = 5*u - 11, m*c - 3*u = -u + 18. What is the remainder when 27 is divided by c?
6
Suppose 2*y - 8 = 5*u - 3*u, -3*y - 12 = 5*u. Let n be (-1 - y)/(4/10). Let l = n - -16. Calculate the remainder when 32 is divided by l.
10
Suppose q - 49 + 15 = 0. Suppose x - 2*c = -x + 22, q = 2*x - 5*c. Calculate the remainder when x is divided by (-4)/10 + (-22)/(-5).
3
Let w(f) = -f**3 + 3*f**2 + 6*f - 13. Calculate the remainder when 14 is divided by w(3).
4
Let f(o) = o**3 + 19*o**2 - 20*o + 26. Calculate the remainder when 77 is divided by f(-20).
25
Let d(x) = x + 3. Let i(z) = -1. Let h(p) = d(p) - 2*i(p). What is the remainder when 14 is divided by h(0)?
4
Let r = -25 - -39. What is the remainder when r is divided by 9?
5
Suppose 3*o + 2 = 5. Let d = -9 - o. What is the remainder when 27 is divided by (28/10)/((-2)/d)?
13
Suppose 0 = 4*a + 4*k - 4, 4*a = -a - 4*k + 10. Let f(p) = p**2 - 2*p. Let c be f(3). Calculate the remainder when c/a*58 + -2 is divided by 14.
13
Let s be (-2 - (-3)/12)*-4. Suppose 11*h = s*h + 40. What is the remainder when 37 is divided by h?
7
Suppose -3*l - 1 + 69 = 4*c, 148 = 5*l - 2*c. What is the remainder when l is divided by 16?
12
Suppose -23*c - 75 = -28*c. Let f(l) be the first derivative of 59*l**2/2 - 1. What is the remainder when f(1) is divided by c?
14
Suppose 15*w - 51 = 12*w. What is the remainder when 48 is divided by w?
14
Suppose 3*r + 15 + 67 = 4*k, -5*k + 112 = r. Let g be (-1 + 13)*6/12. Let v = 2 + g. Calculate the remainder when k is divided by v.
6
Suppose 0 = 5*f - 18 - 27. What is the remainder when f is divided by 3?
0
Let x(h) = 2*h - 1. Let u be x(-2). Let q(w) = 5*w - 13*w - 1 - 3 + 11*w + w**2. Calculate the remainder when 11 is divided by q(u).
5
Suppose 0 = -3*f - 9, 3*f + 2 - 179 = -2*g. Calculate the remainder when g is divided by 19.
17
Let m(a) = 2*a + 3. Suppose 2*u - 4*q - 34 = 0, -8*u + 3*u + 4*q = -55. What is the remainder when 48 is divided by m(u)?
14
Suppose -3*z + 10 - 1 = 0. Suppose -x + 14 = -z. What is the remainder when x is divided by 5?
2
Suppose 5*o = -5*c + 65, 5*o - 8 - 57 = -3*c. Suppose -38 - 184 = -3*y. Suppose 20 = v + 5*i, 2*v + v = -i + y. Calculate the remainder when v is divided by o.
12
Suppose -16 = b - 4*h, 2*b + 3*h - h - 8 = 0. Calculate the remainder when 4/6*(b - -81) is divided by 19.
16
Let s(r) = 5*r - 1. Let g be 9/(-12)*18*-6. Suppose -3*w + g = -0*w. Calculate the remainder when w is divided by s(3).
13
Suppose -16 = -8*h + 7*h. What is the remainder when ((-122)/4)/((-1)/2) is divided by h?
13
Suppose 3*t - 3 = 4*w - 1, -12 = -4*t - 4*w. Suppose -t*z - z = 0. Let x(g) = g**2 + g + 21. Calculate the remainder when x(z) is divided by 11.
10
Let h(f) = f**2 + f + 89. What is the remainder when h